 i(7).
-25
Let c(q) = 2*q**2 + 4*q. What is c(-4)?
16
Let x(t) = -3*t**2 - 28*t + 15. Determine x(-10).
-5
Let d(o) = 11*o**2 - 7*o. What is d(2)?
30
Let u(i) = 2*i - 9. What is u(-11)?
-31
Let z(f) = -f**2 + 16*f + 55. Give z(19).
-2
Let w(l) = -2*l - 43. Give w(-15).
-13
Let p(s) = -s**2 - 6*s - 3. Calculate p(-6).
-3
Let c(a) = -a**2 - 8*a + 61. Calculate c(-12).
13
Let f(p) = -p**3 - 6*p**2 + p + 6. Determine f(-6).
0
Let v(x) = -2*x. Calculate v(6).
-12
Let b(x) = -x**2 + 8*x - 5. Determine b(11).
-38
Let p(r) = -7*r. Calculate p(1).
-7
Let j(l) = l**3 - 3*l**2 + 5*l - 4. Give j(3).
11
Let d(y) = 11*y - 42. Determine d(4).
2
Let h(w) = -16*w + 11. Determine h(-9).
155
Let y(g) = -7*g**2 + 2*g - 2. Calculate y(1).
-7
Let q(v) = 13*v - 16. Determine q(5).
49
Let p(i) = 10*i - 3. Determine p(11).
107
Let v(d) = d**3 - 36*d**2 + 36*d - 46. Calculate v(35).
-11
Let r(o) = 2*o + 22. Calculate r(10).
42
Let b(h) = 19*h + 260. Calculate b(-14).
-6
Let g(s) = -9*s**3 + s**2 + 44*s - 45. Calculate g(1).
-9
Let z(g) = g**3 - 5*g**2 + 3*g + 8. Calculate z(2).
2
Let j(k) = k**3 - 11*k**2 - 14*k + 12. Determine j(12).
-12
Let v(j) = -j**3 - 5*j**2 - 2*j + 4. What is v(-4)?
-4
Let s(g) = -7*g**2 + 8*g - 2. Give s(1).
-1
Let u(z) = z**3 - 4*z**2 - 9*z - 1. What is u(-2)?
-7
Let l(y) = -72*y - 13. Give l(1).
-85
Let c(h) = h**3 - 5*h**2 - 6*h + 12. Determine c(5).
-18
Let s(h) = -h**2 + 48*h - 257. Give s(42).
-5
Let q(s) = s + 2. What is q(1)?
3
Let f(x) = 20*x + 402. What is f(-20)?
2
Let p(x) = x**2 + 25*x + 69. Determine p(-23).
23
Let v(t) = -2*t**2 + 28*t + 3. Calculate v(14).
3
Let o(f) = 8*f**2 - 2*f - 4. Give o(-2).
32
Let j(l) = l**2 + 9*l - 22. What is j(-11)?
0
Let q(w) = -w**3 - 3*w**2 + 5*w + 4. Determine q(-4).
0
Let r(a) = a**3 + 6*a**2 - 3*a - 6. What is r(-6)?
12
Let s(z) = 11*z**2 - z + 1. Give s(1).
11
Let g(x) = -x + 8. Calculate g(2).
6
Let o(y) = -y**2 + 12*y - 21. What is o(9)?
6
Let a(f) = 7*f**2 + 2*f - 2. Calculate a(2).
30
Let h(n) = -n**3 - 6*n**2 + 4*n + 20. Give h(-6).
-4
Let n(s) = -8*s + 8. Calculate n(4).
-24
Let p(k) = k**2 + 16*k + 1. What is p(-9)?
-62
Let b(k) = -18*k**3 - 2*k**2 - k + 3. Determine b(1).
-18
Let r(x) = -3*x - 10. Determine r(0).
-10
Let w(z) = -z**3 + 3*z**2 - z. Calculate w(2).
2
Let m(h) = -h**2 - 12*h + 12. Determine m(-14).
-16
Let m(y) = -y**2 - 13*y + 1. Give m(-9).
37
Let z(a) = -a**2 - 19*a - 93. Determine z(-12).
-9
Let p(v) = -v**2 + 5*v - 1. What is p(4)?
3
Let h(o) = 13*o + 85. Calculate h(-6).
7
Let f(m) = m**3 + 17*m**2 + 49*m + 98. Calculate f(-14).
0
Let y(c) = -c + 36. What is y(0)?
36
Let t(z) = -6*z**2 + 3*z - 2. Calculate t(1).
-5
Let u(p) = -p**2 - p. Give u(3).
-12
Let i(m) = 30*m**2 - 1. What is i(1)?
29
Let r(u) = 10*u - 1. What is r(3)?
29
Let q(x) = -x - 6. Determine q(-8).
2
Let p(a) = a + 5. Calculate p(-18).
-13
Let w(y) = -y**2 - y. Give w(-7).
-42
Let n(z) = 5*z**2 + 11*z + 17. What is n(-4)?
53
Let n(w) = w**3 + 7*w**2 - 3*w - 16. Calculate n(-7).
5
Let j(t) = 40*t**2 + t. What is j(1)?
41
Let a(m) = 2*m**2 - 19*m + 36. Determine a(12).
96
Let g(n) = -28*n**3 - n**2 + n - 1. What is g(1)?
-29
Let t(v) = 2*v - 7. What is t(-6)?
-19
Let b(q) = q**3 - q**2 + q + 2. Determine b(0).
2
Let l(k) = k**3 - 11*k**2 - 25*k - 18. Determine l(13).
-5
Let w(b) = 3*b + 3. What is w(-3)?
-6
Let y(z) = -3*z**2 - 3*z + 13. What is y(6)?
-113
Let p(q) = 2*q**2 - 3*q - 3. Calculate p(-1).
2
Let h(w) = -w**2 - 3*w + 7. Calculate h(-5).
-3
Let m(x) = -2*x**3 + 15*x**2 + 5*x + 17. Determine m(8).
-7
Let a(w) = 3*w + 30. Give a(-8).
6
Let w(x) = x**3 - x**2 - 12*x - 1. Calculate w(4).
-1
Let n(h) = 17*h**3 - 2*h**2 - 3*h - 1. Determine n(-1).
-17
Let s(p) = -p**2 + 15*p + 15. What is s(17)?
-19
Let l(t) = -t**3 + 19*t**2 - 15*t - 25. Determine l(18).
29
Let k(f) = -3*f + 24. Give k(9).
-3
Let y(h) = -h**3 + 8*h**2 - 6*h + 3. Give y(7).
10
Let v(h) = -h**2 - 4*h + 63. Give v(-10).
3
Let v(s) = -9*s - 71. Give v(-9).
10
Let v(t) = -t**2 + t + 9. Calculate v(-5).
-21
Let s(b) = b**3 + 14*b**2 - 33*b - 14. Determine s(-16).
2
Let b(l) = -36*l**2 - l. Give b(1).
-37
Let z(t) = 20*t**3 - 2*t**2 + 15*t - 14. What is z(1)?
19
Let k(a) = -a - 6. What is k(-5)?
-1
Let h(i) = -i. Determine h(-13).
13
Let s(j) = -27*j + 13. What is s(2)?
-41
Let c(v) = v**3 - 9*v**2 - 7*v - 13. Determine c(10).
17
Let w(v) = 2*v**2 - 9*v - 13. What is w(6)?
5
Let u(f) = -f**2 - 11*f - 23. Give u(-6).
7
Let h(o) = -3*o**2 + 17*o - 7. Calculate h(6).
-13
Let r(a) = a**3 + a**2 + 5. What is r(0)?
5
Let s(n) = n**3 + 13*n**2 + 29*n + 8. Calculate s(-11).
-69
Let v(j) = -j**2 + 5*j - 7. Determine v(5).
-7
Let q(n) = n**2 - 6*n + 9. Determine q(5).
4
Let m(s) = s**2 - 5. Determine m(-5).
20
Let u(f) = -37*f - 107. Give u(-3).
4
Let o(u) = u**2 + 6*u - 13. Determine o(-9).
14
Let o(f) = -f**2 + 15*f + 52. Give o(17).
18
Let h(k) = 3*k - 9. What is h(6)?
9
Let a(b) = -b**3 - b**2 + 2*b + 4. Calculate a(0).
4
Let h(w) = -6*w + 59. Give h(10).
-1
Let u(h) = -h**2 + 11*h + 20. Determine u(14).
-22
Let w(b) = b**2 + 18*b + 80. Give w(-11).
3
Let q(p) = 2*p**2 - 26*p + 18. Give q(12).
-6
Let h(f) = 9*f + 1. Determine h(0).
1
Let g(u) = -6*u**2 + 4*u - 3. Determine g(2).
-19
Let r(x) = x**2 + 9*x + 6. Determine r(-12).
42
Let u(n) = 5*n**3. Calculate u(-1).
-5
Let h(r) = 2*r - 3. Calculate h(-2).
-7
Let t(p) = 33*p + 431. What is t(-13)?
2
Let f(g) = -g + 7. Give f(-16).
23
Let z(g) = -2*g**2 - 3*g + 3. What is z(-3)?
-6
Let d(s) = s**2 - s - 23. Determine d(6).
7
Let q(m) = m**2 - 11*m + 6. What is q(10)?
-4
Let p(g) = -g**3 - 5*g**2 + g + 4. What is p(-5)?
-1
Let q(m) = -7*m - 86. Calculate q(-13).
5
Let i(u) = -u**3 + u**2 + 5*u - 4. What is i(0)?
-4
Let z(s) = -s - 24. Calculate z(6).
-30
Let c(b) = b**3 + 11*b**2 - 12*b + 3. Determine c(-11).
135
Let h(a) = 2*a**2 + 34*a - 78. Determine h(-19).
-2
Let v(b) = -b**2 + 2*b + 8. What is v(9)?
-55
Let u(l) = -34*l + 57. What is u(4)?
-79
Let a(z) = -19*z**2 - 37*z + 1. Determine a(-2).
-1
Let q(m) = -4*m + 8. Calculate q(-1).
12
Let w(k) = -k**3 + 9*k**2 + 3*k - 6. Determine w(8).
82
Let p(r) = 3*r**2 - 4*r - 9. What is p(-2)?
11
Let a(k) = -29*k - 92. What is a(-3)?
-5
Let n(h) = h**3 + h**2 - 10*h + 24. What is n(5)?
124
Let h(m) = -m**2 - 10*m - 34. Determine h(-7).
-13
Let y(x) = -17*x + 130. What is y(9)?
-23
Let y(r) = 13*r - 12. Calculate y(3).
27
Let x(b) = 8*b + 33. What is x(-6)?
-15
Let m(l) = l**3 - l**2 + l + 3. Calculate m(0).
3
Let n(a) = -a**2 + 16*a - 65. What is n(8)?
-1
Let o(g) = -20*g**2 - 14*g + 15. Determine o(1).
-19
Let y(i) = 7*i**2 + 2*i - 12. Give y(4).
108
Let r(g) = -g + 10. Give r(8).
2
Let s(d) = -3*d**2 + 87*d + 93. Calculate s(30).
3
Let b(u) = -2*u**2 - 3*u + 2. Determine b(-2).
0
Let r(n) = n**3 + 10*n**2 - 7*n + 5. What is r(-11)?
-39
Let z(k) = k**2 + 19*k + 15. Give z(-7).
-69
Let h(s) = s**3 - 22*s**2 + s - 9. Determine h(22).
13
Let s(q) = q**2 - q - 21. What is s(-5)?
9
Let o(n) = -9*n - 1. What is o(1)?
-10
Let n(d) = -12*d**3 - 2*d**2 + 2*d + 3. Calculate n(-2).
87
Let q(t) = -6*t**2 + t - 3. What is q(-1)?
-10
Let k(m) = 2*m**3 + 26*m**2 - 3*m - 29. Calculate k(-13).
10
Let m(o) = 46*o + 194. Determine m(-4).
10
Let k(v) = -v**2 - 17*v - 46. Determine k(-14).
-4
Let a(n) = -19*n - 29. Calculate a(8).
-181
Let l(g) = -8*g + 3. Determine l(1).
-5
Let v(f) = -f**3 + 8*f**2 + 10*f - 4. Give v(9).
5
Let k(n) = 4*n + 12. What is k(-7)?
-16
Let v(u) = 10*u + 56. What is v(-7)?
-14
Let k(b) = 2*b**2 - 11*b - 9. Determine k(6).
-3
Let m(o) = 4*o + 22. Give m(-8).
-10
Let o(t) = 20*t**3 + 2*t**2 - 2*t + 1. Give o(1).
21
Let w(f) = -2*f**2 + 7*f + 6. Calculate w(6).
-24
Let b(j) = j - 1. Calculate b(3).
2
Let m(b) = 50*b**2 - 2*b - 1. Give m(-1).
51
Let r(p) = -25*p + 47. Give r(2).
-3
Let v(i) = -2*i**3 + 17*i**2 - 9*i + 8. Give v(8).
0
Let f(s) = s - 7. Calculate f(13).
6
Let u(o) = o**3 + 6*o**2 + 3*o - 7. Give u(-5).
3
Let i(p) = p**2 + 13*p + 3. What is i(-4)?
-33
Let z(n) = n - 7. What is z(7)?
0
Let z(h) = 5*h - 28. Give z(5).
-3
Let m(h) = h**3 - 9*h**2 - 2*h + 29. Calculate m(9).
11
Let p(u) = u + 4. Calculate p(-10).
-6
Let a(u) = -2*u**2 - 104*u - 197. Determine a(-50).
3
Let x(l) = -l + 16. Calculate x(21).
-5
Let q(o) = -2*o**3 + 21*o